{"id":22,"date":"2022-03-17T20:10:13","date_gmt":"2022-03-18T01:10:13","guid":{"rendered":"https:\/\/armijosromero.com.ec\/?page_id=22"},"modified":"2022-05-25T21:03:48","modified_gmt":"2022-05-26T02:03:48","slug":"ventas","status":"publish","type":"page","link":"https:\/\/armijosromero.com.ec\/index.php\/servicios\/ventas\/","title":{"rendered":"Ventas"},"content":{"rendered":"<div class=\"divider_padding\"><\/div>\n<div class=\"one_half\"><noscript><img fetchpriority=\"high\" decoding=\"async\" class=\"alignnone wp-image-436 size-large\" src=\"https:\/\/armijosromero.com.ec\/wp-content\/uploads\/2022\/05\/Asset-1@2x-1024x641.png\" alt width=\"1024\" height=\"641\" srcset=\"https:\/\/armijosromero.com.ec\/wp-content\/uploads\/2022\/05\/Asset-1@2x-1024x641.png 1024w, https:\/\/armijosromero.com.ec\/wp-content\/uploads\/2022\/05\/Asset-1@2x-300x188.png 300w, https:\/\/armijosromero.com.ec\/wp-content\/uploads\/2022\/05\/Asset-1@2x-768x481.png 768w, https:\/\/armijosromero.com.ec\/wp-content\/uploads\/2022\/05\/Asset-1@2x-1536x962.png 1536w, https:\/\/armijosromero.com.ec\/wp-content\/uploads\/2022\/05\/Asset-1@2x-2048x1282.png 2048w, https:\/\/armijosromero.com.ec\/wp-content\/uploads\/2022\/05\/Asset-1@2x-500x313.png 500w, https:\/\/armijosromero.com.ec\/wp-content\/uploads\/2022\/05\/Asset-1@2x-800x501.png 800w, https:\/\/armijosromero.com.ec\/wp-content\/uploads\/2022\/05\/Asset-1@2x-1280x802.png 1280w, https:\/\/armijosromero.com.ec\/wp-content\/uploads\/2022\/05\/Asset-1@2x-1920x1202.png 1920w\" sizes=\"(max-width: 1024px) 100vw, 1024px\"><\/noscript><img fetchpriority=\"high\" decoding=\"async\" class=\"alignnone wp-image-436 size-large lazyload\" src=\"data:image\/svg+xml,%3Csvg%20xmlns%3D%22http%3A%2F%2Fwww.w3.org%2F2000%2Fsvg%22%20viewBox%3D%220%200%201024%20641%22%3E%3C%2Fsvg%3E\" alt width=\"1024\" height=\"641\" srcset=\"data:image\/svg+xml,%3Csvg%20xmlns%3D%22http%3A%2F%2Fwww.w3.org%2F2000%2Fsvg%22%20viewBox%3D%220%200%201024%20641%22%3E%3C%2Fsvg%3E 1024w\" sizes=\"(max-width: 1024px) 100vw, 1024px\" data-srcset=\"https:\/\/armijosromero.com.ec\/wp-content\/uploads\/2022\/05\/Asset-1@2x-1024x641.png 1024w, https:\/\/armijosromero.com.ec\/wp-content\/uploads\/2022\/05\/Asset-1@2x-300x188.png 300w, https:\/\/armijosromero.com.ec\/wp-content\/uploads\/2022\/05\/Asset-1@2x-768x481.png 768w, https:\/\/armijosromero.com.ec\/wp-content\/uploads\/2022\/05\/Asset-1@2x-1536x962.png 1536w, https:\/\/armijosromero.com.ec\/wp-content\/uploads\/2022\/05\/Asset-1@2x-2048x1282.png 2048w, https:\/\/armijosromero.com.ec\/wp-content\/uploads\/2022\/05\/Asset-1@2x-500x313.png 500w, https:\/\/armijosromero.com.ec\/wp-content\/uploads\/2022\/05\/Asset-1@2x-800x501.png 800w, https:\/\/armijosromero.com.ec\/wp-content\/uploads\/2022\/05\/Asset-1@2x-1280x802.png 1280w, https:\/\/armijosromero.com.ec\/wp-content\/uploads\/2022\/05\/Asset-1@2x-1920x1202.png 1920w\" data-src=\"https:\/\/armijosromero.com.ec\/wp-content\/uploads\/2022\/05\/Asset-1@2x-1024x641.png\" loading=\"lazy\">\n<p align=\"justify\"><\/p><\/div>\n<p align=\"justify\">&nbsp;<\/p><div class=\"one_half last\">En Armijos Romero tenemos el firme compromiso de desarrollar el portafolio de nuestras marcas en cada punto de venta que cubrimos. Contamos con una de las mayores fuerzas de ventas existentes en el mercado nacional con cobertura en todo el austro ecuatoriano. Armijos Romero cuenta con un equipo de atenci\u00f3n a clientes especializado, compuesto por un equipo de supervisores, vendedores y mercaderistas enfocados en el desarrollo y cumplimiento de la venta y ejecuci\u00f3n en sus clientes asignados. Este esquema nos ha permitido crear un fuerte v\u00ednculo con cada cuenta clave, ya que nos ven como un colaborador m\u00e1s de ellos en b\u00fasqueda de un mismo objetivo.\n<p align=\"justify\"><\/p><\/div><div class=\"clearboth\"><\/div>\n<div class=\"divider_padding\"><\/div>\n\n","protected":false},"excerpt":{"rendered":"<p>\u00a0<\/p>\n","protected":false},"author":1,"featured_media":0,"parent":20,"menu_order":0,"comment_status":"closed","ping_status":"closed","template":"template_fullwidth.php","meta":{"_vp_format_video_url":"","_vp_image_focal_point":[],"footnotes":""},"class_list":["post-22","page","type-page","status-publish","hentry"],"_links":{"self":[{"href":"https:\/\/armijosromero.com.ec\/index.php\/wp-json\/wp\/v2\/pages\/22","targetHints":{"allow":["GET"]}}],"collection":[{"href":"https:\/\/armijosromero.com.ec\/index.php\/wp-json\/wp\/v2\/pages"}],"about":[{"href":"https:\/\/armijosromero.com.ec\/index.php\/wp-json\/wp\/v2\/types\/page"}],"author":[{"embeddable":true,"href":"https:\/\/armijosromero.com.ec\/index.php\/wp-json\/wp\/v2\/users\/1"}],"replies":[{"embeddable":true,"href":"https:\/\/armijosromero.com.ec\/index.php\/wp-json\/wp\/v2\/comments?post=22"}],"version-history":[{"count":26,"href":"https:\/\/armijosromero.com.ec\/index.php\/wp-json\/wp\/v2\/pages\/22\/revisions"}],"predecessor-version":[{"id":273,"href":"https:\/\/armijosromero.com.ec\/index.php\/wp-json\/wp\/v2\/pages\/22\/revisions\/273"}],"up":[{"embeddable":true,"href":"https:\/\/armijosromero.com.ec\/index.php\/wp-json\/wp\/v2\/pages\/20"}],"wp:attachment":[{"href":"https:\/\/armijosromero.com.ec\/index.php\/wp-json\/wp\/v2\/media?parent=22"}],"curies":[{"name":"wp","href":"https:\/\/api.w.org\/{rel}","templated":true}]}}